{"id":17,"date":"2020-01-03T13:02:24","date_gmt":"2020-01-03T13:02:24","guid":{"rendered":"https:\/\/d-rjewellery.com\/?page_id=17"},"modified":"2021-09-13T08:50:28","modified_gmt":"2021-09-13T08:50:28","slug":"strona-glowna","status":"publish","type":"page","link":"https:\/\/d-rjewellery.com\/","title":{"rendered":"Strona g\u0142\u00f3wna"},"content":{"rendered":"<p style=\"text-align: center;\"><strong>Importer i hurtownia bi\u017cuterii srebrnej.<\/strong><\/p>\n<p style=\"text-align: center;\"><strong><img loading=\"lazy\" class=\"alignnone size-full wp-image-50\" src=\"https:\/\/d-rjewellery.com\/wp-content\/uploads\/2020\/02\/IMG_5308-scaled.jpg\" alt=\"IMG_5308\" width=\"2560\" height=\"1707\" srcset=\"https:\/\/d-rjewellery.com\/wp-content\/uploads\/2020\/02\/IMG_5308-scaled.jpg 2560w, https:\/\/d-rjewellery.com\/wp-content\/uploads\/2020\/02\/IMG_5308-300x200.jpg 300w, https:\/\/d-rjewellery.com\/wp-content\/uploads\/2020\/02\/IMG_5308-1024x683.jpg 1024w, https:\/\/d-rjewellery.com\/wp-content\/uploads\/2020\/02\/IMG_5308-768x512.jpg 768w, https:\/\/d-rjewellery.com\/wp-content\/uploads\/2020\/02\/IMG_5308-1536x1024.jpg 1536w, https:\/\/d-rjewellery.com\/wp-content\/uploads\/2020\/02\/IMG_5308-2048x1365.jpg 2048w, https:\/\/d-rjewellery.com\/wp-content\/uploads\/2020\/02\/IMG_5308-750x500.jpg 750w, https:\/\/d-rjewellery.com\/wp-content\/uploads\/2020\/02\/IMG_5308-555x370.jpg 555w\" sizes=\"(max-width: 2560px) 100vw, 2560px\" \/>Bogaty asortyment! Atrakcyjne ceny!<\/strong><\/p>\n\n\n<p>12345<\/p>\n","protected":false},"excerpt":{"rendered":"<p>Importer i hurtownia bi\u017cuterii srebrnej. Bogaty asortyment! Atrakcyjne ceny! 12345<\/p>\n","protected":false},"author":1,"featured_media":0,"parent":0,"menu_order":0,"comment_status":"closed","ping_status":"closed","template":"","meta":{"spay_email":""},"yoast_head":"<!-- This site is optimized with the Yoast SEO plugin v18.4.1 - https:\/\/yoast.com\/wordpress\/plugins\/seo\/ -->\n<title>Importer i hurtownia bi\u017cuterii DR Jewellery - sprzeda\u017c wysy\u0142ka bi\u017cuterii<\/title>\n<meta name=\"description\" content=\"Importer i hurtownia bi\u017cuterii DR Jewellery - sprzeda\u017c wysy\u0142ka bi\u017cuterii - hurtownia bi\u017cuterii online - wsp\u00f3\u0142praca z producentami i detalicznymi sklepami w kraju i zagranic\u0105.\" \/>\n<meta name=\"robots\" content=\"index, follow, max-snippet:-1, max-image-preview:large, max-video-preview:-1\" \/>\n<link rel=\"canonical\" href=\"https:\/\/d-rjewellery.com\/\" \/>\n<meta property=\"og:locale\" content=\"pl_PL\" \/>\n<meta property=\"og:type\" content=\"article\" \/>\n<meta property=\"og:title\" content=\"Importer i hurtownia bi\u017cuterii DR Jewellery - sprzeda\u017c wysy\u0142ka bi\u017cuterii\" \/>\n<meta property=\"og:description\" content=\"Importer i hurtownia bi\u017cuterii DR Jewellery - sprzeda\u017c wysy\u0142ka bi\u017cuterii - hurtownia bi\u017cuterii online - wsp\u00f3\u0142praca z producentami i detalicznymi sklepami w kraju i zagranic\u0105.\" \/>\n<meta property=\"og:url\" content=\"https:\/\/d-rjewellery.com\/\" \/>\n<meta property=\"og:site_name\" content=\"d-rjewellery\" \/>\n<meta property=\"article:modified_time\" content=\"2021-09-13T08:50:28+00:00\" \/>\n<meta property=\"og:image\" content=\"https:\/\/d-rjewellery.com\/wp-content\/uploads\/2020\/02\/IMG_5308-scaled.jpg\" \/>\n<meta name=\"twitter:card\" content=\"summary_large_image\" \/>\n<meta name=\"twitter:label1\" content=\"Szacowany czas czytania\" \/>\n\t<meta name=\"twitter:data1\" content=\"1 minuta\" \/>\n<script type=\"application\/ld+json\" class=\"yoast-schema-graph\">{\"@context\":\"https:\/\/schema.org\",\"@graph\":[{\"@type\":\"WebSite\",\"@id\":\"https:\/\/d-rjewellery.com\/#website\",\"url\":\"https:\/\/d-rjewellery.com\/\",\"name\":\"d-rjewellery\",\"description\":\"\",\"potentialAction\":[{\"@type\":\"SearchAction\",\"target\":{\"@type\":\"EntryPoint\",\"urlTemplate\":\"https:\/\/d-rjewellery.com\/?s={search_term_string}\"},\"query-input\":\"required name=search_term_string\"}],\"inLanguage\":\"pl-PL\"},{\"@type\":\"ImageObject\",\"@id\":\"https:\/\/d-rjewellery.com\/#primaryimage\",\"inLanguage\":\"pl-PL\",\"url\":\"https:\/\/d-rjewellery.com\/wp-content\/uploads\/2020\/02\/IMG_5308-scaled.jpg\",\"contentUrl\":\"https:\/\/d-rjewellery.com\/wp-content\/uploads\/2020\/02\/IMG_5308-scaled.jpg\",\"width\":2560,\"height\":1707},{\"@type\":\"WebPage\",\"@id\":\"https:\/\/d-rjewellery.com\/#webpage\",\"url\":\"https:\/\/d-rjewellery.com\/\",\"name\":\"Importer i hurtownia bi\u017cuterii DR Jewellery - sprzeda\u017c wysy\u0142ka bi\u017cuterii\",\"isPartOf\":{\"@id\":\"https:\/\/d-rjewellery.com\/#website\"},\"primaryImageOfPage\":{\"@id\":\"https:\/\/d-rjewellery.com\/#primaryimage\"},\"datePublished\":\"2020-01-03T13:02:24+00:00\",\"dateModified\":\"2021-09-13T08:50:28+00:00\",\"description\":\"Importer i hurtownia bi\u017cuterii DR Jewellery - sprzeda\u017c wysy\u0142ka bi\u017cuterii - hurtownia bi\u017cuterii online - wsp\u00f3\u0142praca z producentami i detalicznymi sklepami w kraju i zagranic\u0105.\",\"breadcrumb\":{\"@id\":\"https:\/\/d-rjewellery.com\/#breadcrumb\"},\"inLanguage\":\"pl-PL\",\"potentialAction\":[{\"@type\":\"ReadAction\",\"target\":[\"https:\/\/d-rjewellery.com\/\"]}]},{\"@type\":\"BreadcrumbList\",\"@id\":\"https:\/\/d-rjewellery.com\/#breadcrumb\",\"itemListElement\":[{\"@type\":\"ListItem\",\"position\":1,\"name\":\"Strona g\u0142\u00f3wna\",\"item\":\"https:\/\/d-rjewellery.com\/\"},{\"@type\":\"ListItem\",\"position\":2,\"name\":\"Strona g\u0142\u00f3wna\"}]}]}<\/script>\n<!-- \/ Yoast SEO plugin. -->","yoast_head_json":{"title":"Importer i hurtownia bi\u017cuterii DR Jewellery - sprzeda\u017c wysy\u0142ka bi\u017cuterii","description":"Importer i hurtownia bi\u017cuterii DR Jewellery - sprzeda\u017c wysy\u0142ka bi\u017cuterii - hurtownia bi\u017cuterii online - wsp\u00f3\u0142praca z producentami i detalicznymi sklepami w kraju i zagranic\u0105.","robots":{"index":"index","follow":"follow","max-snippet":"max-snippet:-1","max-image-preview":"max-image-preview:large","max-video-preview":"max-video-preview:-1"},"canonical":"https:\/\/d-rjewellery.com\/","og_locale":"pl_PL","og_type":"article","og_title":"Importer i hurtownia bi\u017cuterii DR Jewellery - sprzeda\u017c wysy\u0142ka bi\u017cuterii","og_description":"Importer i hurtownia bi\u017cuterii DR Jewellery - sprzeda\u017c wysy\u0142ka bi\u017cuterii - hurtownia bi\u017cuterii online - wsp\u00f3\u0142praca z producentami i detalicznymi sklepami w kraju i zagranic\u0105.","og_url":"https:\/\/d-rjewellery.com\/","og_site_name":"d-rjewellery","article_modified_time":"2021-09-13T08:50:28+00:00","og_image":[{"url":"https:\/\/d-rjewellery.com\/wp-content\/uploads\/2020\/02\/IMG_5308-scaled.jpg"}],"twitter_card":"summary_large_image","twitter_misc":{"Szacowany czas czytania":"1 minuta"},"schema":{"@context":"https:\/\/schema.org","@graph":[{"@type":"WebSite","@id":"https:\/\/d-rjewellery.com\/#website","url":"https:\/\/d-rjewellery.com\/","name":"d-rjewellery","description":"","potentialAction":[{"@type":"SearchAction","target":{"@type":"EntryPoint","urlTemplate":"https:\/\/d-rjewellery.com\/?s={search_term_string}"},"query-input":"required name=search_term_string"}],"inLanguage":"pl-PL"},{"@type":"ImageObject","@id":"https:\/\/d-rjewellery.com\/#primaryimage","inLanguage":"pl-PL","url":"https:\/\/d-rjewellery.com\/wp-content\/uploads\/2020\/02\/IMG_5308-scaled.jpg","contentUrl":"https:\/\/d-rjewellery.com\/wp-content\/uploads\/2020\/02\/IMG_5308-scaled.jpg","width":2560,"height":1707},{"@type":"WebPage","@id":"https:\/\/d-rjewellery.com\/#webpage","url":"https:\/\/d-rjewellery.com\/","name":"Importer i hurtownia bi\u017cuterii DR Jewellery - sprzeda\u017c wysy\u0142ka bi\u017cuterii","isPartOf":{"@id":"https:\/\/d-rjewellery.com\/#website"},"primaryImageOfPage":{"@id":"https:\/\/d-rjewellery.com\/#primaryimage"},"datePublished":"2020-01-03T13:02:24+00:00","dateModified":"2021-09-13T08:50:28+00:00","description":"Importer i hurtownia bi\u017cuterii DR Jewellery - sprzeda\u017c wysy\u0142ka bi\u017cuterii - hurtownia bi\u017cuterii online - wsp\u00f3\u0142praca z producentami i detalicznymi sklepami w kraju i zagranic\u0105.","breadcrumb":{"@id":"https:\/\/d-rjewellery.com\/#breadcrumb"},"inLanguage":"pl-PL","potentialAction":[{"@type":"ReadAction","target":["https:\/\/d-rjewellery.com\/"]}]},{"@type":"BreadcrumbList","@id":"https:\/\/d-rjewellery.com\/#breadcrumb","itemListElement":[{"@type":"ListItem","position":1,"name":"Strona g\u0142\u00f3wna","item":"https:\/\/d-rjewellery.com\/"},{"@type":"ListItem","position":2,"name":"Strona g\u0142\u00f3wna"}]}]}},"_links":{"self":[{"href":"https:\/\/d-rjewellery.com\/index.php\/wp-json\/wp\/v2\/pages\/17"}],"collection":[{"href":"https:\/\/d-rjewellery.com\/index.php\/wp-json\/wp\/v2\/pages"}],"about":[{"href":"https:\/\/d-rjewellery.com\/index.php\/wp-json\/wp\/v2\/types\/page"}],"author":[{"embeddable":true,"href":"https:\/\/d-rjewellery.com\/index.php\/wp-json\/wp\/v2\/users\/1"}],"replies":[{"embeddable":true,"href":"https:\/\/d-rjewellery.com\/index.php\/wp-json\/wp\/v2\/comments?post=17"}],"version-history":[{"count":12,"href":"https:\/\/d-rjewellery.com\/index.php\/wp-json\/wp\/v2\/pages\/17\/revisions"}],"predecessor-version":[{"id":213,"href":"https:\/\/d-rjewellery.com\/index.php\/wp-json\/wp\/v2\/pages\/17\/revisions\/213"}],"wp:attachment":[{"href":"https:\/\/d-rjewellery.com\/index.php\/wp-json\/wp\/v2\/media?parent=17"}],"curies":[{"name":"wp","href":"https:\/\/api.w.org\/{rel}","templated":true}]}}